What is the tens digit of 738?
3
What is the thousands digit of 5937?
5
What is the tens digit of 3916?
1
What is the thousands digit of 9574?
9
What is the thousands digit of 1367?
1
What is the units digit of 30700?
0
What is the hundreds digit of 2923?
9
What is the tens digit of 22950?
5
What is the units digit of 852?
2
What is the thousands digit of 134040?
4
What is the units digit of 1661?
1
What is the tens digit of 522?
2
What is the hundreds digit of 749?
7
What is the thousands digit of 12476?
2
What is the units digit of 29206?
6
What is the units digit of 10677?
7
What is the ten thousands digit of 15072?
1
What is the units digit of 4449?
9
What is the tens digit of 5721?
2
What is the units digit of 3547?
7
What is the tens digit of 52?
5
What is the ten thousands digit of 26511?
2
What is the tens digit of 2560?
6
What is the thousands digit of 1063?
1
What is the units digit of 1374?
4
What is the hundreds digit of 33277?
2
What is the thousands digit of 45482?
5
What is the tens digit of 64667?
6
What is the units digit of 10907?
7
What is the thousands digit of 33162?
3
What is the ten thousands digit of 74564?
7
What is the thousands digit of 2074?
2
What is the hundreds digit of 240?
2
What is the thousands digit of 8722?
8
What is the thousands digit of 4318?
4
What is the units digit of 12942?
2
What is the units digit of 3741?
1
What is the tens digit of 92?
9
What is the hundreds digit of 2342?
3
What is the hundreds digit of 347?
3
What is the hundreds digit of 282?
2
What is the hundreds digit of 21060?
0
What is the ten thousands digit of 20878?
2
What is the tens digit of 26856?
5
What is the thousands digit of 1318?
1
What is the hundreds digit of 4503?
5
What is the tens digit of 619?
1
What is the units digit of 81490?
0
What is the tens digit of 468?
6
What is the tens digit of 118290?
9
What is the thousands digit of 27085?
7
What is the ten thousands digit of 55499?
5
What is the ten thousands digit of 19154?
1
What is the hundreds digit of 40745?
7
What is the thousands digit of 40242?
0
What is the ten thousands digit of 124716?
2
What is the tens digit of 24260?
6
What is the hundreds digit of 6452?
4
What is the hundreds digit of 763?
7
What is the tens digit of 87?
8
What is the units digit of 42325?
5
What is the ten thousands digit of 76884?
7
What is the units digit of 453?
3
What is the hundreds digit of 3999?
9
What is the hundreds digit of 322?
3
What is the hundreds digit of 5031?
0
What is the tens digit of 3942?
4
What is the tens digit of 21816?
1
What is the tens digit of 1100?
0
What is the units digit of 7581?
1
What is the thousands digit of 61462?
1
What is the thousands digit of 7671?
7
What is the tens digit of 14669?
6
What is the thousands digit of 9476?
9
What is the tens digit of 1226?
2
What is the tens digit of 37674?
7
What is the units digit of 637?
7
What is the hundreds digit of 963?
9
What is the tens digit of 13586?
8
What is the thousands digit of 2540?
2
What is the units digit of 552?
2
What is the hundreds digit of 166850?
8
What is the hundreds digit of 4909?
9
What is the ten thousands digit of 80703?
8
What is the hundreds digit of 323?
3
What is the tens digit of 93333?
3
What is the units digit of 27394?
4
What is the hundreds digit of 3999?
9
What is the tens digit of 3744?
4
What is the units digit of 9217?
7
What is the units digit of 50628?
8
What is the hundreds digit of 582?
5
What is the tens digit of 448?
4
What is the thousands digit of 7007?
7
What is the tens digit of 15263?
6
What is the tens digit of 13675?
7
What is the hundreds digit of 922?
9
What is the units digit of 2340?
0
What is the units digit of 3222?
2
What is the tens digit of 1592?
9
What is the tens digit of 98?
9
What is the units digit of 811?
1
What is the hundreds digit of 40199?
1
What is the thousands digit of 6903?
6
What is the thousands digit of 1917?
1
What is the hundreds digit of 90649?
6
What is the units digit of 18594?
4
What is the thousands digit of 5215?
5
What is the hundreds digit of 876?
8
What is the units digit of 4669?
9
What is the units digit of 1909?
9
What is the units digit of 4136?
6
What is the thousands digit of 65844?
5
What is the tens digit of 2762?
6
What is the units digit of 266?
6
What is the hundreds digit of 3382?
3
What is the tens digit of 1286?
8
What is the tens digit of 57185?
8
What is the tens digit of 796?
9
What is the tens digit of 413?
1
What is the hundreds digit of 8849?
8
What is the units digit of 6723?
3
What is the hundreds digit of 5342?
3
What is the tens digit of 1141?
4
What is the units digit of 959?
9
What is the ten thousands digit of 31025?
3
What is the units digit of 1109?
9
What is the units digit of 13327?
7
What is the thousands digit of 2155?
2
What is the hundreds digit of 9986?
9
What is the thousands digit of 8272?
8
What is the hundreds digit of 663?
6
What is the units digit of 7941?
1
What is the hundreds digit of 27413?
4
What is the thousands digit of 1129?
1
What is the tens digit of 19779?
7
What is the hundreds digit of 1691?
6
What is the units digit of 33006?
6
What is the units digit of 15931?
1
What is the thousands digit of 5410?
5
What is the tens digit of 345?
4
What is the units digit of 1792?
2
What is the tens digit of 35261?
6
What is the units digit of 4363?
3
What is the units digit of 6707?
7
What is the tens digit of 3283?
8
What is the tens digit of 9510?
1
What is the tens digit of 308?
0
What is the hundreds digit of 1425?
4
What is the thousands digit of 29205?
9
What is the thousands digit of 5453?
5
What is the hundreds digit of 56281?
2
What is the units digit of 64917?
7
What is the tens digit of 2160?
6
What is the units digit of 4864?
4
What is the tens digit of 2286?
8
What is the hundreds digit of 110795?
7
What is the thousands digit of 7008?
7
What is the hundreds digit of 10083?
0
What is the thousands digit of 4362?
4
What is the tens digit of 2714?
1
What is the units digit of 4276?
6
What is the tens digit of 2256?
5
What is the units digit of 40966?
6
What is the tens digit of 6953?
5
What is the thousands digit of 33095?
3
What is the thousands digit of 15079?
5
What is the tens digit of 42742?
4
What is the units digit of 4729?
9
What is the thousands digit of 17255?
7
What is the units digit of 1125?
5
What is the tens digit of 1488?
8
What is the tens digit of 9656?
5
What is the ten thousands digit of 69107?
6
What is the tens digit of 21588?
8
What is the ten thousands digit of 171974?
7
What is the ten thousands digit of 40946?
4
What is the tens digit of 9813?
1
What is the tens digit of 1737?
3
What is the units digit of 55435?
5
What is the tens digit of 49515?
1
What is the hundreds digit of 8689?
6
What is the ten thousands digit of 15241?
1
What is the hundreds digit of 2187?
1
What is the hundreds digit of 89259?
2
What is the units digit of 60870?
0
What is the hundreds digit of 124?
1
What is the hundreds digit of 1766?
7
What is the tens digit of 5889?
8
What is the hundreds digit of 5596?
5
What is the thousands digit of 34399?
4
What is the thousands digit of 1158?
1
What is the ten thousands digit of 57802?
5
What is the hundreds digit of 925?
9
What is the units digit of 111171?
1
What is the units digit of 513?
3
What is the units digit of 75?
5
What is the hundreds digit of 3031?
0
What is the hundreds digit of 149102?
1
What is the thousands digit of 5017?
5
What is the hundreds digit of 1292?
2
What is the units digit of 21940?
0
What is the thousands digit of 102641?
2
What is the hundreds digit of 42960?
9
What is the hundreds digit of 8419?
4
What is the hundreds digit of 147?
1
What is the hundreds digit of 5720?
7
What is the hundreds digit of 5929?
9
What is the thousands digit of 38900?
8
What is the units digit of 474?
4
What is the hundreds digit of 75585?
5
What is the tens digit of 17567?
6
What is the hundreds digit of 4582?
5
What is the tens digit of 79885?
8
What is the tens digit of 2783?
8
What is the hundreds digit of 17270?
2
What is the tens digit of 156529?
2
What is the thousands digit of 2974?
2
What is the thousands digit of 47164?
7
What is the thousands digit of 5422?
5
What is the tens digit of 24030?
3
What is the hu